5
What is the units digit of 1062282?
2
What is the thousands digit of 3929044?
9
What is the units digit of 152017?
7
What is the tens digit of 451775?
7
What is the hundreds digit of 517943?
9
What is the hundreds digit of 69110?
1
What is the units digit of 1449910?
0
What is the units digit of 1102017?
7
What is the hundreds digit of 34709?
7
What is the ten thousands digit of 14403740?
0
What is the hundred thousands digit of 7385474?
3
What is the ten thousands digit of 4842024?
4
What is the hundred thousands digit of 295250?
2
What is the ten thousands digit of 19942?
1
What is the ten thousands digit of 10760971?
6
What is the hundred thousands digit of 195461?
1
What is the tens digit of 168316?
1
What is the ten thousands digit of 175385?
7
What is the hundred thousands digit of 278335?
2
What is the hundred thousands digit of 1132317?
1
What is the hundreds digit of 6113252?
2
What is the tens digit of 183758?
5
What is the ten thousands digit of 197977?
9
What is the hundred thousands digit of 469515?
4
What is the hundred thousands digit of 105658?
1
What is the tens digit of 261784?
8
What is the millions digit of 2839645?
2
What is the ten thousands digit of 512245?
1
What is the hundred thousands digit of 1607925?
6
What is the ten thousands digit of 169649?
6
What is the tens digit of 16687906?
0
What is the tens digit of 9084995?
9
What is the thousands digit of 30976?
0
What is the hundreds digit of 317719?
7
What is the ten thousands digit of 329579?
2
What is the tens digit of 529538?
3
What is the thousands digit of 58348?
8
What is the hundreds digit of 556631?
6
What is the thousands digit of 1975660?
5
What is the thousands digit of 3416908?
6
What is the units digit of 18319?
9
What is the millions digit of 26787677?
6
What is the units digit of 85121?
1
What is the units digit of 4839847?
7
What is the thousands digit of 234969?
4
What is the ten thousands digit of 1153864?
5
What is the tens digit of 111188?
8
What is the thousands digit of 454935?
4
What is the hundreds digit of 157325?
3
What is the tens digit of 139922?
2
What is the ten thousands digit of 216421?
1
What is the hundreds digit of 1208995?
9
What is the millions digit of 2148242?
2
What is the units digit of 16224892?
2
What is the units digit of 456793?
3
What is the ten thousands digit of 174578?
7
What is the hundreds digit of 1138941?
9
What is the units digit of 1978970?
0
What is the units digit of 182141?
1
What is the units digit of 9324176?
6
What is the ten thousands digit of 428329?
2
What is the thousands digit of 965925?
5
What is the hundreds digit of 2897673?
6
What is the ten thousands digit of 968160?
6
What is the thousands digit of 331403?
1
What is the units digit of 88048?
8
What is the ten thousands digit of 145387?
4
What is the millions digit of 1439832?
1
What is the thousands digit of 8079502?
9
What is the hundred thousands digit of 255129?
2
What is the units digit of 12979552?
2
What is the ten thousands digit of 798478?
9
What is the ten thousands digit of 1247394?
4
What is the thousands digit of 133192?
3
What is the units digit of 118490?
0
What is the thousands digit of 42447?
2
What is the hundred thousands digit of 9684470?
6
What is the ten thousands digit of 1076254?
7
What is the units digit of 3051722?
2
What is the ten thousands digit of 574893?
7
What is the hundred thousands digit of 338410?
3
What is the ten thousands digit of 30878163?
7
What is the hundred thousands digit of 124507?
1
What is the hundred thousands digit of 7539218?
5
What is the thousands digit of 4309374?
9
What is the millions digit of 22706456?
2
What is the thousands digit of 11851123?
1
What is the hundred thousands digit of 2039070?
0
What is the units digit of 955378?
8
What is the millions digit of 1585112?
1
What is the millions digit of 5467993?
5
What is the units digit of 12030651?
1
What is the hundreds digit of 51403?
4
What is the thousands digit of 450329?
0
What is the hundred thousands digit of 2636416?
6
What is the ten thousands digit of 11213226?
1
What is the units digit of 1912877?
7
What is the hundreds digit of 7719564?
5
What is the thousands digit of 2739040?
9
What is the ten thousands digit of 172688?
7
What is the units digit of 1996920?
0
What is the hundred thousands digit of 372647?
3
What is the hundred thousands digit of 2079373?
0
What is the hundred thousands digit of 1014969?
0
What is the hundred thousands digit of 7442593?
4
What is the ten thousands digit of 201060?
0
What is the tens digit of 7120411?
1
What is the hundreds digit of 576541?
5
What is the units digit of 1020551?
1
What is the thousands digit of 297211?
7
What is the hundreds digit of 20479904?
9
What is the thousands digit of 4082304?
2
What is the thousands digit of 372660?
2
What is the units digit of 14272573?
3
What is the hundred thousands digit of 6453506?
4
What is the ten thousands digit of 594683?
9
What is the tens digit of 9967690?
9
What is the thousands digit of 665805?
5
What is the ten thousands digit of 1110649?
1
What is the units digit of 527008?
8
What is the thousands digit of 1150624?
0
What is the thousands digit of 645339?
5
What is the millions digit of 3230474?
3
What is the ten thousands digit of 46815?
4
What is the hundred thousands digit of 159724?
1
What is the ten thousands digit of 17807669?
0
What is the units digit of 2566175?
5
What is the units digit of 256193?
3
What is the hundreds digit of 1328777?
7
What is the hundreds digit of 1920577?
5
What is the hundreds digit of 361044?
0
What is the units digit of 612035?
5
What is the thousands digit of 43247424?
7
What is the hundred thousands digit of 878762?
8
What is the hundreds digit of 2625684?
6
What is the tens digit of 66206?
0
What is the hundreds digit of 2561466?
4
What is the hundreds digit of 6480519?
5
What is the thousands digit of 10450409?
0
What is the units digit of 29011708?
8
What is the tens digit of 444538?
3
What is the millions digit of 21170956?
1
What is the hundreds digit of 361031?
0
What is the ten thousands digit of 329841?
2
What is the ten thousands digit of 16218506?
1
What is the ten thousands digit of 1224912?
2
What is the ten thousands digit of 4204229?
0
What is the tens digit of 1352288?
8
What is the tens digit of 2443866?
6
What is the hundred thousands digit of 604314?
6
What is the units digit of 353846?
6
What is the tens digit of 103086?
8
What is the millions digit of 12414646?
2
What is the thousands digit of 15964717?
4
What is the hundreds digit of 736528?
5
What is the hundred thousands digit of 14282890?
2
What is the thousands digit of 269235?
9
What is the ten thousands digit of 1587334?
8
What is the hundred thousands digit of 7791190?
7
What is the hundreds digit of 14302438?
4
What is the units digit of 251103?
3
What is the hundreds digit of 5887537?
5
What is the hundreds digit of 12735?
7
What is the hundred thousands digit of 1034273?
0
What is the hundreds digit of 296463?
4
What is the hundred thousands digit of 348912?
3
What is the thousands digit of 4267484?
7
What is the hundreds digit of 393902?
9
What is the millions digit of 4250715?
4
What is the hundreds digit of 2333787?
7
What is the ten thousands digit of 1414109?
1
What is the tens digit of 174763?
6
What is the millions digit of 5527435?
5
What is the millions digit of 2556299?
2
What is the tens digit of 1348336?
3
What is the ten thousands digit of 8794488?
9
What is the hundreds digit of 519033?
0
What is the tens digit of 25383489?
8
What is the units digit of 269458?
8
What is the hundred thousands digit of 1296049?
2
What is the hundred thousands digit of 4345308?
3
What is the tens digit of 970328?
2
What is the hundred thousands digit of 4602457?
6
What is the hundred thousands digit of 5813141?
8
What is the thousands digit of 696137?
6
What is the ten thousands digit of 1379716?
7
What is the hundred thousands digit of 175087?
1
What is the thousands digit of 5225496?
5
What is the tens digit of 180056?
5
What is the hundred thousands digit of 26622747?
6
What is the units digit of 1348070?
0
What is the hundred thousands digit of 19669304?
6
What is the hundred thousands digit of 175044?
1
What is the hu